 -15 - v. Suppose -3*l - t = -5*y, -2*y + 3*y - l - 2 = 0. Give j(y).
3
Let m = -7 + 8. Let p(k) = 6*k - 4*k - 2*k - m + k. Calculate p(0).
-1
Let h be ((-280)/(-98))/((-2)/(-7)). Let s(g) = -g**3 + 10*g**2 - g + 6. Give s(h).
-4
Suppose -3*p + 15 = 2*p. Let h(s) = s**2 + 3*s + 3. Let w(a) = -a**2 - 2*a - 2. Let r(f) = 3*h(f) + 4*w(f). Calculate r(p).
-5
Let q(b) be the third derivative of b**6/120 + b**5/30 - b**4/24 - b**3/6 + 9*b**2. Determine q(-2).
1
Let b(q) = -2 + q + 4 - 1. Let t(s) = -s**3 + 8*s**2 - 16*s + 20. Let w be t(6). Give b(w).
-3
Suppose -4 = -r + 1. Suppose -a = -0*q - r*q - 11, 0 = q + 3. Let g(c) = -c**2 - 4*c - 2. Calculate g(a).
-2
Let r be (-3)/(-2 - -1) + -3. Suppose 2*b + r = -2. Let i(p) = 6*p**2. Calculate i(b).
6
Suppose x = -3*r + 4*x - 3, 2*r = 3*x + 3. Let c(y) = y - 5. Let m(j) = -3*j + 10. Let v = 14 - 12. Let n(b) = v*m(b) + 5*c(b). Determine n(r).
1
Let h(q) = 6*q - 3. Suppose 4*n - 11 = 2*z + 9, 0 = 5*n + 2*z - 25. Let s(a) = 7*a - 3. Let b(m) = n*s(m) - 6*h(m). What is b(-5)?
8
Let h(n) be the second derivative of 0 + 2*n - 5/6*n**3 - 3/2*n**2. Calculate h(-2).
7
Let x(m) = -7*m**2 - 3*m + 4. Let b(w) = 20*w**2 + 9*w - 11. Let a(t) = 6*b(t) + 17*x(t). Suppose -3*d - 2 - 4 = 0. Let f = d - 1. Calculate a(f).
2
Let x = 19 + -15. Let i(l) = l**3 - 5*l**2 - l + 4. Calculate i(x).
-16
Let r = -27 - -15. Let u be (-2)/(-12) - (-2)/r. Suppose u = -4*v - 4 - 8. Let a(p) = -p - 1. Give a(v).
2
Let n = -66 - -69. Let v(d) = d**3 - 2*d**2 + 2*d - 2. Give v(n).
13
Suppose i + 2 = 2*c, -c = -6*i + 4*i + 5. Let v(g) = -2*g**2 + 5*g - 1. What is v(i)?
-13
Let h(b) = -2*b**3 - 2 + b**3 - 26*b + 6*b**2 + 0*b**3 + 22*b. Suppose y - 5 + 0 = 0. Calculate h(y).
3
Let k be 32/18 - 2/(-9). Suppose -k*h - 30 = -7*h. Let d(p) = -p - 3. Give d(h).
-9
Let q(h) be the third derivative of -h**5/30 - h**4/24 - h**3/6 + 2*h**2. Let c be (-8)/16*(3 + -1). What is q(c)?
-2
Let p(u) be the first derivative of -u**2/2 + 2*u + 8. Give p(-6).
8
Let q(a) = 2 - 2*a + 5 - 1. Suppose 8 = -50*w + 52*w. Give q(w).
-2
Let u(o) = -o**3 - 6*o**2 - 2*o + 2. Let z = -171 + 169. What is u(z)?
-10
Let p(j) = -10*j + 30*j - 12*j - 9 - 9*j. Give p(-10).
1
Let l be 0 + -2 - (-2 + 1). Let x(p) = -p**2 - 5*p + 4. Let w be x(-5). Let i(q) = -6*q - 1 - q + 5*q + 2*q**3 - w*q**3. Calculate i(l).
3
Let x(w) = 21*w - 14. Let g(h) = 1 - h - 4*h + h + 3*h. Let a(l) = 14*g(l) + x(l). Calculate a(-1).
-7
Let x = 34 + -31. Let b(h) = -h**3 + h**2 + 2*h - 2. What is b(x)?
-14
Let h(x) = 2*x - 2*x**2 - 3*x**3 + 7*x**2 + 2*x**3 + 4*x. What is h(6)?
0
Let h(z) = -26*z - 56. Let q(l) = 5*l + 11. Let y(a) = 3*h(a) + 16*q(a). Determine y(-6).
-4
Let x(h) = -21*h**2 + 4*h + 0*h**3 - 7*h + 27*h**2 - h**3 - 7. Let d be (-8)/(-10)*(-15)/(-6). Let w be d/(-4) + 22/4. Give x(w).
3
Let l(d) = d**3 - 10*d**2 + d - 8. Let v be l(10). Let r(o) = -9*o**3 + 8*o**3 - 3 + 3*o + o. Calculate r(v).
-3
Let k(p) = p**2 + 8*p + 9. Let m be 2/7 - 102/14. Let x be k(m). Suppose 5*h + 3*o + x = -0, -h - 3*o = -2. Let n(c) = 3*c**2. Calculate n(h).
3
Let j(i) = -i + 2. Let r be j(-5). Let q(x) = x**3 - 7*x**2 + x - 2. Let w be q(r). Let f(o) = -o**2 + 5*o + 5. Give f(w).
5
Let r(o) = 3*o + 1. Let s be r(-3). Let z = 6 + s. Let j(d) = 3*d + 3. Determine j(z).
-3
Let c(g) = -g**3 - 3*g**2 - 3*g - 3. Suppose d - 2 = -0*d. Suppose 4*y + d = -6. Determine c(y).
-1
Let c(h) = h**2 - 10*h + 10. Let z(n) = n**2 - 10*n - 3. Let r be z(11). Calculate c(r).
-6
Let g(d) = -12*d - 3*d**2 + 8*d + 8 + d**2 + d**2. Calculate g(-6).
-4
Let d(z) = z**3 - 5*z**2 + z + 4. Let m be 182/39 + 2/(-3). Give d(m).
-8
Let y(h) = h**3 - 3*h**2 + h + 2. Suppose 4*x - 3*x + 11 = 0. Let o(g) = -5*g**3 + 14*g**2 - 4*g - 10. Let r(k) = x*y(k) - 2*o(k). What is r(3)?
7
Let v(b) = b**3 + 2*b**2 - 2. Suppose f - 2*f = -3. Suppose -4 = f*x + 2. Determine v(x).
-2
Let o(n) = n**2 - 7*n. Let g(p) = p**3 + 16*p**2 + 15*p + 3. Let k be g(-15). Suppose 4*d + 0*d - 18 = -3*r, 4*r + k*d = 24. Determine o(r).
-6
Let w(j) = -j - 11. Let k(x) be the third derivative of 1/24*x**4 + 0 + 1/6*x**3 + 0*x - 1/60*x**5 - x**2. Let u be k(-2). Calculate w(u).
-6
Suppose 5*s - 10 - 5 = 0. Let x(k) = -k**3 + 4*k**2 - 3*k + 2. Let d be x(3). Let i(p) = 5*p**s - 3*p**3 - 1 + d*p - p**3. Give i(1).
2
Suppose -4*g + 2*l = g - 4, 3 = l. Suppose -7 = g*u - 5. Let s(k) = k**3 + 2*k**2 + 2*k + 1. Give s(u).
0
Let f(y) = 3*y**2 - y - 1. Let w(i) be the first derivative of 3 + 3*i**2 - 6*i - 1/3*i**3. Let k be w(5). Give f(k).
3
Let l(j) = -2*j**3 + 4*j**2 - 4*j + 7. Let t(k) = k**3 - 1. Let b(a) = -l(a) - t(a). Determine b(4).
10
Let i(c) = c**3 - 7*c**2 - 9*c + 10. Let p be i(8). Let b(y) = 13*y - 5. Let g(a) = -20*a + 9 - 2 + 1. Let d(k) = 8*b(k) + 5*g(k). Determine d(p).
8
Let d(g) = g**3 + 4*g**2 + g - 3. Let x(z) = -3*z + 6. Let u be x(3). Let c be (u/(-6))/(5/(-30)). What is d(c)?
3
Suppose 9*m - 6*m + 18 = 0. Let r(o) = o**2 + 5*o - 8. What is r(m)?
-2
Let o(f) = f**2 + 6*f - 4. Let t(c) be the second derivative of -c**5/20 - c**4/6 + 2*c**3/3 + 2*c**2 + c. Let v be t(-3). Let z = -4 - v. Give o(z).
-9
Let p(x) = -x. Suppose 0 = -i - 6 + 2. Let q = i + 6. Suppose q*y = -3*y + 20. Determine p(y).
-4
Let v(m) = m**2 + 6*m + 11. Let u be v(-5). Let h(n) = n + 1. Calculate h(u).
7
Let p(w) = -w**2 - 2*w + 4. Let u be 24/(-2)*2/(-6). Suppose -2*x = 2*x - u. Let v be (-3)/2*2*x. Give p(v).
1
Suppose -2*d - v + 101 = 0, v + 156 = 3*d - 2*v. Let x be d/15 + (-8)/20. Suppose x = 3*w + 6. Let z(p) = 5*p**3 - p. Determine z(w).
-4
Let q(z) be the third derivative of 1/15*z**5 - 3*z**2 + 0*z + 1/24*z**4 - 1/3*z**3 + 1/120*z**6 + 0. Determine q(-4).
-6
Let l(y) = -y**3 - 3*y**2 - y. Let x be l(-3). Suppose 0 = -s - 5, 2*c - x*s - 18 = c. Let r(g) = g**3 - 2*g**2 + g - 3. Determine r(c).
9
Let p be 1/(-4) + 34/8. Let v(g) be the first derivative of 2*g**2 - 1/3*g**3 - 1 - g. Give v(p).
-1
Let p be 78/144 + 3/(-12). Let u(c) be the third derivative of p*c**4 + 0*c - c**2 + 1/60*c**5 + 0 + c**3. Give u(-4).
-6
Let k(n) = -n**2 + 1 + 3*n**2 + n - n**2. Let t = 1 - -4. Let z(y) = 3*y**2 + 2*y + 2. Let w(l) = t*k(l) - 2*z(l). Determine w(0).
1
Suppose -23 = 12*c + 1. Let m(t) = -5*t - 1. Calculate m(c).
9
Let n(z) = 1. Let a(w) = -w - 7. Let l(c) = -a(c) - 4*n(c). Determine l(-3).
0
Let q(h) be the first derivative of h**3/3 + 7*h**2/2 + 6*h - 7. Give q(-7).
6
Let m(h) be the first derivative of -h + h**3 - 7 - 1/4*h**4 + 1/2*h**2. Calculate m(2).
5
Suppose 3*q - 4 = 2. Let b(d) = -6*d**3 + 27*d - 27*d + d**q. What is b(1)?
-5
Let w(p) = -p - 5*p + 10 + 5*p. Give w(5).
5
Let g(v) be the first derivative of v + 1/3*v**3 + 2*v**2 + 1. Determine g(-4).
1
Let f = 7 + -5. Suppose -5*w = -i - 23, -i = -2*w - f + 13. Let m(y) = -w + 0*y**2 + 3 + 5*y - y**2. Give m(6).
-7
Let s(l) = 91*l**3 - 45*l**3 + 3*l - 47*l**3 + 3*l**2 + 3. Let u = -4 + 8. Give s(u).
-1
Let d(y) = -y**3 + 10*y**2 - 10*y + 11. Let j(q) = -4*q + 37. Let m be j(7). Give d(m).
2
Suppose -5*v = -3*v + 8. Let f(m) = m**3 - m**2. Let x(r) = -3*r**3 + r**2 - 4*r - 5. Let i(s) = v*f(s) - x(s). Calculate i(4).
5
Suppose -4*l = -l. Suppose -m - 2*d = -2, 2 = m - d + 6*d. Let j(v) = 0 + m - 5 - 1 + v. Calculate j(l).
-4
Let y(o) = o**2 - o - 1. Let g be y(0). Let v = -8 + 9. Let h(b) = 0*b + b - b + 3*b - v. Determine h(g).
-4
Let i(f) = -2*f - 2. Let x be 3 - (9 - (-15)/(-5)). What is i(x)?
4
Let j(k) = -3*k - 6. Let h(o) = 21 + 11*o + 9*o + 10 - 4*o. Let g(l) = 2*h(l) + 11*j(l). Give g(5).
-9
Let d(c) = -c**2 - 4*c + 4. Let q(p) = -p**3 - 13*p**2 - 2*p - 30. Let k be q(-13). Give d(k).
4
Suppose r = -0*a + 3*a, 4*a - 4*r + 8 = 0. Let d be 1/(-2*a/(-4)). Let j(y) = -y**2 - 2*y**2 + 2 + 4*y - 2*y. What is j(d)?
-6
Let s(k) = k**3 + 9*k**2 + 7. Let q be 2 - 316/28 - (-2)/7. Give s(q).
7
Let i(j) = j**3 - 6*j**2 + 5*j + 4. Suppose 0 = p - 5*p - 36. Let v = p - -13. Determine i(v).
-8
Let c(p) = -2 + 3 + 2*p**2 + 2*p + 4*p - 5*p. Determine c(-1).
2
Let n(p) be the third derivative of -p**5/60 + p**4/6 - p**3/2 + 17*p**2. Calculate n(3).
0
Let w(d) be the second derivative of d**5/20 + d**4/4 + d**3/3 - d**2 + 8*d - 5. What is w(-3)?
-8
Let c(f) = 0*f - 6*f - 3 + 2*f. Suppose -4*g + 8*g + 28 = 0. Let l = 5 + g. Determine 